{"id":94,"date":"2025-01-26T19:33:42","date_gmt":"2025-01-26T18:33:42","guid":{"rendered":"https:\/\/www.new.zen-therapies.com\/?page_id=94"},"modified":"2025-02-25T18:45:41","modified_gmt":"2025-02-25T17:45:41","slug":"reflexologie-globale","status":"publish","type":"page","link":"https:\/\/www.zen-therapies.com\/?page_id=94","title":{"rendered":"R\u00e9flexologie Globale"},"content":{"rendered":"\t\t<div data-elementor-type=\"wp-page\" data-elementor-id=\"94\" class=\"elementor elementor-94\">\n\t\t\t\t<div class=\"elementor-element elementor-element-8bb1c6d e-flex e-con-boxed e-con e-parent\" data-id=\"8bb1c6d\" data-element_type=\"container\">\n\t\t\t\t\t<div class=\"e-con-inner\">\n\t\t\t\t<div class=\"elementor-element elementor-element-1dc788bf elementor-widget elementor-widget-heading\" data-id=\"1dc788bf\" data-element_type=\"widget\" data-widget_type=\"heading.default\">\n\t\t\t\t<div class=\"elementor-widget-container\">\n\t\t\t\t\t<h2 class=\"elementor-heading-title elementor-size-default\">R\u00e9flexologie globale<\/h2>\t\t\t\t<\/div>\n\t\t\t\t<\/div>\n\t\t\t\t\t<\/div>\n\t\t\t\t<\/div>\n\t\t<div class=\"elementor-element elementor-element-44550ba6 e-con-full e-flex e-con e-parent\" data-id=\"44550ba6\" data-element_type=\"container\">\n\t\t<div class=\"elementor-element elementor-element-84a5499 e-con-full e-flex e-con e-child\" data-id=\"84a5499\" data-element_type=\"container\" data-settings=\"{&quot;background_background&quot;:&quot;classic&quot;}\">\n\t\t<div class=\"elementor-element elementor-element-234b67d e-con-full e-flex e-con e-child\" data-id=\"234b67d\" data-element_type=\"container\" data-settings=\"{&quot;background_background&quot;:&quot;classic&quot;}\">\n\t\t\t\t<div class=\"elementor-element elementor-element-69c4d7f gallery-spacing-custom elementor-widget elementor-widget-image-gallery\" data-id=\"69c4d7f\" data-element_type=\"widget\" data-widget_type=\"image-gallery.default\">\n\t\t\t\t<div class=\"elementor-widget-container\">\n\t\t\t\t\t\t\t<div class=\"elementor-image-gallery\">\n\t\t\t<div id='gallery-1' class='gallery galleryid-94 gallery-columns-1 gallery-size-medium'><figure class='gallery-item'>\n\t\t\t<div class='gallery-icon landscape'>\n\t\t\t\t<a data-elementor-open-lightbox=\"yes\" data-elementor-lightbox-slideshow=\"69c4d7f\" data-e-action-hash=\"#elementor-action%3Aaction%3Dlightbox%26settings%3DeyJpZCI6MzMwLCJ1cmwiOiJodHRwczpcL1wvd3d3Lnplbi10aGVyYXBpZXMuY29tXC93cC1jb250ZW50XC91cGxvYWRzXC8yMDI1XC8wMVwvcmVmbGV4by0wMTAtMTI4MF8yOC5qcGciLCJzbGlkZXNob3ciOiI2OWM0ZDdmIn0%3D\" href='https:\/\/www.zen-therapies.com\/wp-content\/uploads\/2025\/01\/reflexo-010-1280_28.jpg'><img fetchpriority=\"high\" decoding=\"async\" width=\"300\" height=\"220\" src=\"https:\/\/www.zen-therapies.com\/wp-content\/uploads\/2025\/01\/reflexo-010-1280_28-300x220.jpg\" class=\"attachment-medium size-medium\" alt=\"\" aria-describedby=\"gallery-1-330\" srcset=\"https:\/\/www.zen-therapies.com\/wp-content\/uploads\/2025\/01\/reflexo-010-1280_28-300x220.jpg 300w, https:\/\/www.zen-therapies.com\/wp-content\/uploads\/2025\/01\/reflexo-010-1280_28-1024x751.jpg 1024w, https:\/\/www.zen-therapies.com\/wp-content\/uploads\/2025\/01\/reflexo-010-1280_28-768x563.jpg 768w, https:\/\/www.zen-therapies.com\/wp-content\/uploads\/2025\/01\/reflexo-010-1280_28.jpg 1280w\" sizes=\"(max-width: 300px) 100vw, 300px\" \/><\/a>\n\t\t\t<\/div>\n\t\t\t\t<figcaption class='wp-caption-text gallery-caption' id='gallery-1-330'>\n\t\t\t\tma legende\n\t\t\t\t<\/figcaption><\/figure><figure class='gallery-item'>\n\t\t\t<div class='gallery-icon landscape'>\n\t\t\t\t<a data-elementor-open-lightbox=\"yes\" data-elementor-lightbox-slideshow=\"69c4d7f\" data-e-action-hash=\"#elementor-action%3Aaction%3Dlightbox%26settings%3DeyJpZCI6MzI3LCJ1cmwiOiJodHRwczpcL1wvd3d3Lnplbi10aGVyYXBpZXMuY29tXC93cC1jb250ZW50XC91cGxvYWRzXC8yMDI1XC8wMVwvOTAwX19fX19fX3AxMTA5NjExXzk4LmpwZyIsInNsaWRlc2hvdyI6IjY5YzRkN2YifQ%3D%3D\" href='https:\/\/www.zen-therapies.com\/wp-content\/uploads\/2025\/01\/900_______p1109611_98.jpg'><img decoding=\"async\" width=\"300\" height=\"225\" src=\"https:\/\/www.zen-therapies.com\/wp-content\/uploads\/2025\/01\/900_______p1109611_98-300x225.jpg\" class=\"attachment-medium size-medium\" alt=\"\" srcset=\"https:\/\/www.zen-therapies.com\/wp-content\/uploads\/2025\/01\/900_______p1109611_98-300x225.jpg 300w, https:\/\/www.zen-therapies.com\/wp-content\/uploads\/2025\/01\/900_______p1109611_98-768x576.jpg 768w, https:\/\/www.zen-therapies.com\/wp-content\/uploads\/2025\/01\/900_______p1109611_98.jpg 900w\" sizes=\"(max-width: 300px) 100vw, 300px\" \/><\/a>\n\t\t\t<\/div><\/figure><figure class='gallery-item'>\n\t\t\t<div class='gallery-icon landscape'>\n\t\t\t\t<a data-elementor-open-lightbox=\"yes\" data-elementor-lightbox-slideshow=\"69c4d7f\" data-e-action-hash=\"#elementor-action%3Aaction%3Dlightbox%26settings%3DeyJpZCI6MzI4LCJ1cmwiOiJodHRwczpcL1wvd3d3Lnplbi10aGVyYXBpZXMuY29tXC93cC1jb250ZW50XC91cGxvYWRzXC8yMDI1XC8wMVwvOTAwX19fX19fX3AxMTA5NjEwXzk3LmpwZyIsInNsaWRlc2hvdyI6IjY5YzRkN2YifQ%3D%3D\" href='https:\/\/www.zen-therapies.com\/wp-content\/uploads\/2025\/01\/900_______p1109610_97.jpg'><img decoding=\"async\" width=\"300\" height=\"225\" src=\"https:\/\/www.zen-therapies.com\/wp-content\/uploads\/2025\/01\/900_______p1109610_97-300x225.jpg\" class=\"attachment-medium size-medium\" alt=\"\" srcset=\"https:\/\/www.zen-therapies.com\/wp-content\/uploads\/2025\/01\/900_______p1109610_97-300x225.jpg 300w, https:\/\/www.zen-therapies.com\/wp-content\/uploads\/2025\/01\/900_______p1109610_97-768x576.jpg 768w, https:\/\/www.zen-therapies.com\/wp-content\/uploads\/2025\/01\/900_______p1109610_97.jpg 900w\" sizes=\"(max-width: 300px) 100vw, 300px\" \/><\/a>\n\t\t\t<\/div><\/figure>\n\t\t<\/div>\n\t\t<\/div>\n\t\t\t\t\t\t<\/div>\n\t\t\t\t<\/div>\n\t\t\t\t<\/div>\n\t\t<div class=\"elementor-element elementor-element-595053e e-con-full e-flex e-con e-child\" data-id=\"595053e\" data-element_type=\"container\" data-settings=\"{&quot;background_background&quot;:&quot;classic&quot;}\">\n\t\t\t\t<div class=\"elementor-element elementor-element-dac880a elementor-widget elementor-widget-text-editor\" data-id=\"dac880a\" data-element_type=\"widget\" data-widget_type=\"text-editor.default\">\n\t\t\t\t<div class=\"elementor-widget-container\">\n\t\t\t\t\t\t\t\t\t<p><strong>Qu&rsquo; est ce que la r\u00e9fl\u00e9xologie globale ?<br \/><\/strong><\/p><p>La r\u00e9flexologie globale ou r\u00e9flexoth\u00e9rapie, est une science bas\u00e9e sur l\u2019observation et la stimulation de zones dites r\u00e9flexes, appartenant \u00e0 diff\u00e9rents micro-syst\u00e8mes, afin de r\u00e9guler l\u2019ensemble du corps, en r\u00e9tablissant l\u2019hom\u00e9ostasie.<\/p><p>L\u2019hom\u00e9ostasie, c\u2019est l\u2019\u00e9tat d\u2019\u00e9quilibre des diff\u00e9rents syst\u00e8mes du corps humain. Quand cet \u00e9tat est menac\u00e9 ou perdu, le bien-\u00eatre de l\u2019individu s\u2019en trouve perturb\u00e9 de mani\u00e8re plus ou moins s\u00e9rieuse.<br \/>Comment \u00e7a fonctionne :<\/p><p>La stimulation des r\u00e9cepteurs nerveux \u00e9pidermiques (\u00e0 l\u2019aide des doigts et\/ou d\u2019outils sp\u00e9cifiques) am\u00e9liore l\u2019influx nerveux;\u00a0 on agit ainsi sur la douleur et les troubles li\u00e9s au dysfonctionnement d\u2019un syst\u00e8me.<\/p><p>Il existe plusieurs types de r\u00e9flexoth\u00e9rapie car il existe plusieurs micro-syst\u00e8mes (ou syst\u00e8mes en miniature).<\/p><p>Un micro-syst\u00e8me est une zone du syst\u00e8me nerveux o\u00f9 convergent des faisceaux de neurones. De cette convergence, le corps entier peut se retrouver repr\u00e9sent\u00e9 dans une zone bien d\u00e9finie comme le pied, la main, la langue, les yeux, les oreilles. Ces micro-syst\u00e8mes sont d\u00e9coup\u00e9s en zones dites r\u00e9flexes. Les zones r\u00e9flexes sont les repr\u00e9sentations de l\u2019innervation d\u2019un organe, d\u2019une partie du corps ou d\u2019une glande, dans le cerveau.<\/p><p>Lorsqu\u2019elles sont stimul\u00e9es, elles envoient une information dans le cortex c\u00e9r\u00e9bral o\u00f9 est repr\u00e9sent\u00e9e la zone que l\u2019on veut r\u00e9guler ; une s\u00e9rie de ph\u00e9nom\u00e8nes chimiques (endocrine) et \u00e9lectriques (syst\u00e8me nerveux) se d\u00e9clenchent afin de v\u00e9hiculer une information hom\u00e9ostatique vers la zone consid\u00e9r\u00e9e.<br \/>En fait,<br \/>La r\u00e9flexoth\u00e9rapie aide le corps \u00e0 maintenir (ou \u00e0 retrouver) l\u2019hom\u00e9ostasie et \u00e0 \u00e9quilibrer le syst\u00e8me nerveux.<\/p><p>Le syst\u00e8me nerveux est le centre de commande des autres syst\u00e8mes :<\/p><p>\u00a0\u00a0\u00a0 cardio-vasculaire<br \/>\u00a0\u00a0\u00a0 lymphatique<br \/>\u00a0\u00a0\u00a0 reproducteur<br \/>\u00a0\u00a0\u00a0 digestif<br \/>\u00a0\u00a0\u00a0 musculaire<br \/>\u00a0\u00a0\u00a0 t\u00e9gumentaire<br \/>\u00a0\u00a0\u00a0 endocrinien<br \/>\u00a0\u00a0\u00a0 osseux<\/p><p>En combinant les diff\u00e9rents types de r\u00e9flexoth\u00e9rapie, la prise en charge de la personne devient plus rapide et plus efficace pour l\u2019amener vers le mieux-\u00eatre.<\/p>\t\t\t\t\t\t\t\t<\/div>\n\t\t\t\t<\/div>\n\t\t\t\t<\/div>\n\t\t\t\t<\/div>\n\t\t\t\t<\/div>\n\t\t\t\t<\/div>\n\t\t","protected":false},"excerpt":{"rendered":"<p>R\u00e9flexologie globale ma legende Qu&rsquo; est ce que la r\u00e9fl\u00e9xologie globale ? La r\u00e9flexologie globale ou r\u00e9flexoth\u00e9rapie, est une science bas\u00e9e sur l\u2019observation et la stimulation de zones dites r\u00e9flexes, appartenant \u00e0 diff\u00e9rents micro-syst\u00e8mes, afin de r\u00e9guler l\u2019ensemble du corps, en r\u00e9tablissant l\u2019hom\u00e9ostasie. L\u2019hom\u00e9ostasie, c\u2019est l\u2019\u00e9tat d\u2019\u00e9quilibre des diff\u00e9rents syst\u00e8mes du corps humain. Quand cet [&hellip;]<\/p>\n","protected":false},"author":1,"featured_media":0,"parent":0,"menu_order":0,"comment_status":"closed","ping_status":"closed","template":"","meta":{"footnotes":""},"class_list":["post-94","page","type-page","status-publish","hentry"],"_links":{"self":[{"href":"https:\/\/www.zen-therapies.com\/index.php?rest_route=\/wp\/v2\/pages\/94","targetHints":{"allow":["GET"]}}],"collection":[{"href":"https:\/\/www.zen-therapies.com\/index.php?rest_route=\/wp\/v2\/pages"}],"about":[{"href":"https:\/\/www.zen-therapies.com\/index.php?rest_route=\/wp\/v2\/types\/page"}],"author":[{"embeddable":true,"href":"https:\/\/www.zen-therapies.com\/index.php?rest_route=\/wp\/v2\/users\/1"}],"replies":[{"embeddable":true,"href":"https:\/\/www.zen-therapies.com\/index.php?rest_route=%2Fwp%2Fv2%2Fcomments&post=94"}],"version-history":[{"count":38,"href":"https:\/\/www.zen-therapies.com\/index.php?rest_route=\/wp\/v2\/pages\/94\/revisions"}],"predecessor-version":[{"id":752,"href":"https:\/\/www.zen-therapies.com\/index.php?rest_route=\/wp\/v2\/pages\/94\/revisions\/752"}],"wp:attachment":[{"href":"https:\/\/www.zen-therapies.com\/index.php?rest_route=%2Fwp%2Fv2%2Fmedia&parent=94"}],"curies":[{"name":"wp","href":"https:\/\/api.w.org\/{rel}","templated":true}]}}